{"id":159,"date":"2015-08-19T21:55:38","date_gmt":"2015-08-19T20:55:38","guid":{"rendered":"http:\/\/gauthierlift.com\/wordpress\/?page_id=159"},"modified":"2020-06-03T16:10:21","modified_gmt":"2020-06-03T15:10:21","slug":"chariots-neufs","status":"publish","type":"page","link":"https:\/\/gauthierlift.com\/wordpress\/chariots-neufs\/","title":{"rendered":"Chariots neufs"},"content":{"rendered":"<div class=\"row\"><div class=\"colonne\">\n<p><strong><span style=\"font-family: Roboto;\">Pour ceux qui, comme vous, recherchent\u00a0:<\/span><\/strong><br \/>\n<span style=\"font-size: 21px; color: #e6752d;\"><strong><span style=\"font-family: Roboto;\">LES MEILLEURES MARQUES DE CHARIOTS \u00c9L\u00c9VATEURS SUR LE MARCH\u00c9!<\/span><\/strong><\/span><\/p>\n<p><span style=\"font-family: Roboto;\">Quel que soit le type de chariots \u00e9l\u00e9vateurs ou transpalettes que vous cherchez, nous avons les meilleurs produits disponibles sur le march\u00e9!<\/span><\/p>\n<p><span style=\"font-family: Roboto;\">Nous offrons une large gamme d\u2019\u00e9quipements et de chariots \u00e9l\u00e9vateurs \u00e9lectriques, au propane ou au diesel qui r\u00e9pondront \u00e0 vos diff\u00e9rents crit\u00e8res en termes de sp\u00e9cifications ou de capacit\u00e9 de charge.<\/span><\/p>\n<p><span style=\"font-family: Roboto;\">Fiez-vous \u00e0 l\u2019expertise de Gauthier chariots \u00e9l\u00e9vateurs et procurez-vous un \u00e9quipement fiable, durable et qui r\u00e9pondra aux crit\u00e8res sp\u00e9cifiques de votre industrie.<\/span><\/p>\n<p><span style=\"font-family: Roboto;\">Nous savons que chaque secteur d&rsquo;entreprise poss\u00e8de des contraintes ou des besoins distincts, c\u2019est pourquoi nous offrons \u00e0 nos clients un large inventaire de produits neufs. Un \u00e9quipement ad\u00e9quat et de qualit\u00e9 vous permettra d\u2019accroitre votre efficacit\u00e9 et, par le fait m\u00eame, votre rentabilit\u00e9.<\/span><\/p>\n<p><strong><span style=\"font-size: 21px; font-family: Roboto; color: #e6752d;\">SERVICE CLIENT ET GARANTIES<\/span><\/strong><\/p>\n<p><span style=\"font-family: Roboto;\">Nous accordons beaucoup d\u2019importance au service client, c\u2019est pourquoi la formation de notre \u00e9quipe est prioritaire chez Gauthier chariots \u00e9l\u00e9vateurs. Gr\u00e2ce \u00e0 une formation continue, notre \u00e9quipe de sp\u00e9cialistes est en mesure de vous conseiller et de vous accompagner ad\u00e9quatement dans vos recherches de produits et d\u2019\u00e9quipement de manutention.<\/span><\/p>\n<p><span style=\"font-family: Roboto;\">Notre \u00e9quipe de sp\u00e9cialistes vous offre \u00e9galement un service d\u2019entretien et de r\u00e9paration de qualit\u00e9 pour r\u00e9pondre \u00e0 tous vos besoins.<\/span><\/p>\n<p><span style=\"font-family: Roboto;\">Enfin, nous offrons \u00e9galement d\u2019excellentes garanties pour veiller \u00e0 la satisfaction de nos clients \u00e0 court, moyen et long terme.<\/span><\/p>\n<\/div>\n<div class=\"colonne\">\n<p><a href=\"https:\/\/gauthierlift.com\/wordpress\/wp-content\/uploads\/2018\/01\/clark_driver.png\"><img decoding=\"async\" width=\"436\" height=\"345\" class=\"alignnone size-full wp-image-1039\" src=\"https:\/\/gauthierlift.com\/wordpress\/wp-content\/uploads\/2018\/01\/clark_driver.png\" alt=\"\" srcset=\"https:\/\/gauthierlift.com\/wordpress\/wp-content\/uploads\/2018\/01\/clark_driver.png 436w, https:\/\/gauthierlift.com\/wordpress\/wp-content\/uploads\/2018\/01\/clark_driver-250x198.png 250w\" sizes=\"(max-width: 436px) 100vw, 436px\" \/><\/a><\/p>\n<p>&nbsp;<\/p>\n<\/div><\/div>\n","protected":false},"excerpt":{"rendered":"","protected":false},"author":1,"featured_media":0,"parent":0,"menu_order":0,"comment_status":"closed","ping_status":"closed","template":"modele-famille-produits.php","meta":{"footnotes":""},"class_list":["post-159","page","type-page","status-publish","hentry"],"yoast_head":"<!-- This site is optimized with the Yoast SEO plugin v26.6 - https:\/\/yoast.com\/wordpress\/plugins\/seo\/ -->\n<title>Gauthier - Chariots \u00e9l\u00e9vateurs neufs (lifts)<\/title>\n<meta name=\"description\" content=\"\u00c0 moteur ou \u00e9lectriques, plusieurs mod\u00e8les de chariots \u00e9l\u00e9vateurs (lifts) de marque Clark, Hyundai et Load Lifter. Trouvez le chariot parfait pour vos besoins.\" \/>\n<meta name=\"robots\" content=\"index, follow, max-snippet:-1, max-image-preview:large, max-video-preview:-1\" \/>\n<link rel=\"canonical\" href=\"https:\/\/gauthierlift.com\/wordpress\/chariots-neufs\/\" \/>\n<meta property=\"og:locale\" content=\"fr_FR\" \/>\n<meta property=\"og:type\" content=\"article\" \/>\n<meta property=\"og:title\" content=\"Gauthier - Chariots \u00e9l\u00e9vateurs neufs (lifts)\" \/>\n<meta property=\"og:description\" content=\"\u00c0 moteur ou \u00e9lectriques, plusieurs mod\u00e8les de chariots \u00e9l\u00e9vateurs (lifts) de marque Clark, Hyundai et Load Lifter. Trouvez le chariot parfait pour vos besoins.\" \/>\n<meta property=\"og:url\" content=\"https:\/\/gauthierlift.com\/wordpress\/chariots-neufs\/\" \/>\n<meta property=\"og:site_name\" content=\"Gauthier Chariots \u00c9l\u00e9vateurs\" \/>\n<meta property=\"article:modified_time\" content=\"2020-06-03T15:10:21+00:00\" \/>\n<meta property=\"og:image\" content=\"https:\/\/gauthierlift.com\/wordpress\/wp-content\/uploads\/2018\/01\/clark_driver.png\" \/>\n<meta name=\"twitter:card\" content=\"summary_large_image\" \/>\n<meta name=\"twitter:label1\" content=\"Dur\u00e9e de lecture estim\u00e9e\" \/>\n\t<meta name=\"twitter:data1\" content=\"1 minute\" \/>\n<script type=\"application\/ld+json\" class=\"yoast-schema-graph\">{\"@context\":\"https:\/\/schema.org\",\"@graph\":[{\"@type\":\"WebPage\",\"@id\":\"https:\/\/gauthierlift.com\/wordpress\/chariots-neufs\/\",\"url\":\"https:\/\/gauthierlift.com\/wordpress\/chariots-neufs\/\",\"name\":\"Gauthier - Chariots \u00e9l\u00e9vateurs neufs (lifts)\",\"isPartOf\":{\"@id\":\"https:\/\/gauthierlift.com\/wordpress\/#website\"},\"primaryImageOfPage\":{\"@id\":\"https:\/\/gauthierlift.com\/wordpress\/chariots-neufs\/#primaryimage\"},\"image\":{\"@id\":\"https:\/\/gauthierlift.com\/wordpress\/chariots-neufs\/#primaryimage\"},\"thumbnailUrl\":\"https:\/\/gauthierlift.com\/wordpress\/wp-content\/uploads\/2018\/01\/clark_driver.png\",\"datePublished\":\"2015-08-19T20:55:38+00:00\",\"dateModified\":\"2020-06-03T15:10:21+00:00\",\"description\":\"\u00c0 moteur ou \u00e9lectriques, plusieurs mod\u00e8les de chariots \u00e9l\u00e9vateurs (lifts) de marque Clark, Hyundai et Load Lifter. Trouvez le chariot parfait pour vos besoins.\",\"breadcrumb\":{\"@id\":\"https:\/\/gauthierlift.com\/wordpress\/chariots-neufs\/#breadcrumb\"},\"inLanguage\":\"fr-FR\",\"potentialAction\":[{\"@type\":\"ReadAction\",\"target\":[\"https:\/\/gauthierlift.com\/wordpress\/chariots-neufs\/\"]}]},{\"@type\":\"ImageObject\",\"inLanguage\":\"fr-FR\",\"@id\":\"https:\/\/gauthierlift.com\/wordpress\/chariots-neufs\/#primaryimage\",\"url\":\"https:\/\/gauthierlift.com\/wordpress\/wp-content\/uploads\/2018\/01\/clark_driver.png\",\"contentUrl\":\"https:\/\/gauthierlift.com\/wordpress\/wp-content\/uploads\/2018\/01\/clark_driver.png\",\"width\":436,\"height\":345},{\"@type\":\"BreadcrumbList\",\"@id\":\"https:\/\/gauthierlift.com\/wordpress\/chariots-neufs\/#breadcrumb\",\"itemListElement\":[{\"@type\":\"ListItem\",\"position\":1,\"name\":\"Accueil\",\"item\":\"https:\/\/gauthierlift.com\/wordpress\/\"},{\"@type\":\"ListItem\",\"position\":2,\"name\":\"Chariots neufs\"}]},{\"@type\":\"WebSite\",\"@id\":\"https:\/\/gauthierlift.com\/wordpress\/#website\",\"url\":\"https:\/\/gauthierlift.com\/wordpress\/\",\"name\":\"Gauthier Chariots \u00c9l\u00e9vateurs\",\"description\":\"Achat, location et r\u00e9paration de chariots Hyundai, Clark et Load Lifter\",\"publisher\":{\"@id\":\"https:\/\/gauthierlift.com\/wordpress\/#organization\"},\"potentialAction\":[{\"@type\":\"SearchAction\",\"target\":{\"@type\":\"EntryPoint\",\"urlTemplate\":\"https:\/\/gauthierlift.com\/wordpress\/?s={search_term_string}\"},\"query-input\":{\"@type\":\"PropertyValueSpecification\",\"valueRequired\":true,\"valueName\":\"search_term_string\"}}],\"inLanguage\":\"fr-FR\"},{\"@type\":\"Organization\",\"@id\":\"https:\/\/gauthierlift.com\/wordpress\/#organization\",\"name\":\"Deval Chariots \u00c9l\u00e9vateurs\",\"url\":\"https:\/\/gauthierlift.com\/wordpress\/\",\"logo\":{\"@type\":\"ImageObject\",\"inLanguage\":\"fr-FR\",\"@id\":\"https:\/\/gauthierlift.com\/wordpress\/#\/schema\/logo\/image\/\",\"url\":\"https:\/\/gauthierlift.com\/wordpress\/wp-content\/uploads\/2015\/08\/deval-logo-inverted1.png\",\"contentUrl\":\"https:\/\/gauthierlift.com\/wordpress\/wp-content\/uploads\/2015\/08\/deval-logo-inverted1.png\",\"width\":268,\"height\":76,\"caption\":\"Deval Chariots \u00c9l\u00e9vateurs\"},\"image\":{\"@id\":\"https:\/\/gauthierlift.com\/wordpress\/#\/schema\/logo\/image\/\"}}]}<\/script>\n<!-- \/ Yoast SEO plugin. -->","yoast_head_json":{"title":"Gauthier - Chariots \u00e9l\u00e9vateurs neufs (lifts)","description":"\u00c0 moteur ou \u00e9lectriques, plusieurs mod\u00e8les de chariots \u00e9l\u00e9vateurs (lifts) de marque Clark, Hyundai et Load Lifter. Trouvez le chariot parfait pour vos besoins.","robots":{"index":"index","follow":"follow","max-snippet":"max-snippet:-1","max-image-preview":"max-image-preview:large","max-video-preview":"max-video-preview:-1"},"canonical":"https:\/\/gauthierlift.com\/wordpress\/chariots-neufs\/","og_locale":"fr_FR","og_type":"article","og_title":"Gauthier - Chariots \u00e9l\u00e9vateurs neufs (lifts)","og_description":"\u00c0 moteur ou \u00e9lectriques, plusieurs mod\u00e8les de chariots \u00e9l\u00e9vateurs (lifts) de marque Clark, Hyundai et Load Lifter. Trouvez le chariot parfait pour vos besoins.","og_url":"https:\/\/gauthierlift.com\/wordpress\/chariots-neufs\/","og_site_name":"Gauthier Chariots \u00c9l\u00e9vateurs","article_modified_time":"2020-06-03T15:10:21+00:00","og_image":[{"url":"https:\/\/gauthierlift.com\/wordpress\/wp-content\/uploads\/2018\/01\/clark_driver.png","type":"","width":"","height":""}],"twitter_card":"summary_large_image","twitter_misc":{"Dur\u00e9e de lecture estim\u00e9e":"1 minute"},"schema":{"@context":"https:\/\/schema.org","@graph":[{"@type":"WebPage","@id":"https:\/\/gauthierlift.com\/wordpress\/chariots-neufs\/","url":"https:\/\/gauthierlift.com\/wordpress\/chariots-neufs\/","name":"Gauthier - Chariots \u00e9l\u00e9vateurs neufs (lifts)","isPartOf":{"@id":"https:\/\/gauthierlift.com\/wordpress\/#website"},"primaryImageOfPage":{"@id":"https:\/\/gauthierlift.com\/wordpress\/chariots-neufs\/#primaryimage"},"image":{"@id":"https:\/\/gauthierlift.com\/wordpress\/chariots-neufs\/#primaryimage"},"thumbnailUrl":"https:\/\/gauthierlift.com\/wordpress\/wp-content\/uploads\/2018\/01\/clark_driver.png","datePublished":"2015-08-19T20:55:38+00:00","dateModified":"2020-06-03T15:10:21+00:00","description":"\u00c0 moteur ou \u00e9lectriques, plusieurs mod\u00e8les de chariots \u00e9l\u00e9vateurs (lifts) de marque Clark, Hyundai et Load Lifter. Trouvez le chariot parfait pour vos besoins.","breadcrumb":{"@id":"https:\/\/gauthierlift.com\/wordpress\/chariots-neufs\/#breadcrumb"},"inLanguage":"fr-FR","potentialAction":[{"@type":"ReadAction","target":["https:\/\/gauthierlift.com\/wordpress\/chariots-neufs\/"]}]},{"@type":"ImageObject","inLanguage":"fr-FR","@id":"https:\/\/gauthierlift.com\/wordpress\/chariots-neufs\/#primaryimage","url":"https:\/\/gauthierlift.com\/wordpress\/wp-content\/uploads\/2018\/01\/clark_driver.png","contentUrl":"https:\/\/gauthierlift.com\/wordpress\/wp-content\/uploads\/2018\/01\/clark_driver.png","width":436,"height":345},{"@type":"BreadcrumbList","@id":"https:\/\/gauthierlift.com\/wordpress\/chariots-neufs\/#breadcrumb","itemListElement":[{"@type":"ListItem","position":1,"name":"Accueil","item":"https:\/\/gauthierlift.com\/wordpress\/"},{"@type":"ListItem","position":2,"name":"Chariots neufs"}]},{"@type":"WebSite","@id":"https:\/\/gauthierlift.com\/wordpress\/#website","url":"https:\/\/gauthierlift.com\/wordpress\/","name":"Gauthier Chariots \u00c9l\u00e9vateurs","description":"Achat, location et r\u00e9paration de chariots Hyundai, Clark et Load Lifter","publisher":{"@id":"https:\/\/gauthierlift.com\/wordpress\/#organization"},"potentialAction":[{"@type":"SearchAction","target":{"@type":"EntryPoint","urlTemplate":"https:\/\/gauthierlift.com\/wordpress\/?s={search_term_string}"},"query-input":{"@type":"PropertyValueSpecification","valueRequired":true,"valueName":"search_term_string"}}],"inLanguage":"fr-FR"},{"@type":"Organization","@id":"https:\/\/gauthierlift.com\/wordpress\/#organization","name":"Deval Chariots \u00c9l\u00e9vateurs","url":"https:\/\/gauthierlift.com\/wordpress\/","logo":{"@type":"ImageObject","inLanguage":"fr-FR","@id":"https:\/\/gauthierlift.com\/wordpress\/#\/schema\/logo\/image\/","url":"https:\/\/gauthierlift.com\/wordpress\/wp-content\/uploads\/2015\/08\/deval-logo-inverted1.png","contentUrl":"https:\/\/gauthierlift.com\/wordpress\/wp-content\/uploads\/2015\/08\/deval-logo-inverted1.png","width":268,"height":76,"caption":"Deval Chariots \u00c9l\u00e9vateurs"},"image":{"@id":"https:\/\/gauthierlift.com\/wordpress\/#\/schema\/logo\/image\/"}}]}},"_links":{"self":[{"href":"https:\/\/gauthierlift.com\/wordpress\/wp-json\/wp\/v2\/pages\/159","targetHints":{"allow":["GET"]}}],"collection":[{"href":"https:\/\/gauthierlift.com\/wordpress\/wp-json\/wp\/v2\/pages"}],"about":[{"href":"https:\/\/gauthierlift.com\/wordpress\/wp-json\/wp\/v2\/types\/page"}],"author":[{"embeddable":true,"href":"https:\/\/gauthierlift.com\/wordpress\/wp-json\/wp\/v2\/users\/1"}],"replies":[{"embeddable":true,"href":"https:\/\/gauthierlift.com\/wordpress\/wp-json\/wp\/v2\/comments?post=159"}],"version-history":[{"count":15,"href":"https:\/\/gauthierlift.com\/wordpress\/wp-json\/wp\/v2\/pages\/159\/revisions"}],"predecessor-version":[{"id":4379,"href":"https:\/\/gauthierlift.com\/wordpress\/wp-json\/wp\/v2\/pages\/159\/revisions\/4379"}],"wp:attachment":[{"href":"https:\/\/gauthierlift.com\/wordpress\/wp-json\/wp\/v2\/media?parent=159"}],"curies":[{"name":"wp","href":"https:\/\/api.w.org\/{rel}","templated":true}]}}