{"id":4655,"date":"2020-01-06T17:10:05","date_gmt":"2020-01-06T16:10:05","guid":{"rendered":"https:\/\/gauthierlift.com\/wordpress\/promotions-gauthier-chariots-elevateurs\/"},"modified":"2026-03-03T17:02:37","modified_gmt":"2026-03-03T16:02:37","slug":"promotions-gauthier-chariots-elevateurs","status":"publish","type":"page","link":"https:\/\/gauthierlift.com\/wordpress\/en\/promotions-gauthier-chariots-elevateurs\/","title":{"rendered":"Promotions"},"content":{"rendered":"<p>&nbsp;<\/p>\n<p><a href=\"https:\/\/gauthierlift.com\/wordpress\/wp-content\/uploads\/2026\/03\/Promo-Clark-DLL-MARS-2026.png\"><img decoding=\"async\" width=\"500\" height=\"419\" class=\"alignnone size-medium wp-image-6469\" src=\"https:\/\/gauthierlift.com\/wordpress\/wp-content\/uploads\/2026\/03\/Promo-Clark-DLL-MARS-2026-500x419.png\" alt=\"\" srcset=\"https:\/\/gauthierlift.com\/wordpress\/wp-content\/uploads\/2026\/03\/Promo-Clark-DLL-MARS-2026-500x419.png 500w, https:\/\/gauthierlift.com\/wordpress\/wp-content\/uploads\/2026\/03\/Promo-Clark-DLL-MARS-2026-800x671.png 800w, https:\/\/gauthierlift.com\/wordpress\/wp-content\/uploads\/2026\/03\/Promo-Clark-DLL-MARS-2026-768x644.png 768w, https:\/\/gauthierlift.com\/wordpress\/wp-content\/uploads\/2026\/03\/Promo-Clark-DLL-MARS-2026-250x210.png 250w, https:\/\/gauthierlift.com\/wordpress\/wp-content\/uploads\/2026\/03\/Promo-Clark-DLL-MARS-2026.png 940w\" sizes=\"(max-width: 500px) 100vw, 500px\" \/><\/a><\/p>\n<p>__________________________________________________________________<\/p>\n<p><a href=\"https:\/\/gauthierlift.com\/wordpress\/wp-content\/uploads\/2026\/03\/Rabais-jusqua-4250-sur-tous-nos-chariots-Hyundai-en-inventaire.png\"><img decoding=\"async\" width=\"500\" height=\"263\" class=\"alignnone size-medium wp-image-6473\" src=\"https:\/\/gauthierlift.com\/wordpress\/wp-content\/uploads\/2026\/03\/Rabais-jusqua-4250-sur-tous-nos-chariots-Hyundai-en-inventaire-500x263.png\" alt=\"\" srcset=\"https:\/\/gauthierlift.com\/wordpress\/wp-content\/uploads\/2026\/03\/Rabais-jusqua-4250-sur-tous-nos-chariots-Hyundai-en-inventaire-500x263.png 500w, https:\/\/gauthierlift.com\/wordpress\/wp-content\/uploads\/2026\/03\/Rabais-jusqua-4250-sur-tous-nos-chariots-Hyundai-en-inventaire-800x420.png 800w, https:\/\/gauthierlift.com\/wordpress\/wp-content\/uploads\/2026\/03\/Rabais-jusqua-4250-sur-tous-nos-chariots-Hyundai-en-inventaire-768x403.png 768w, https:\/\/gauthierlift.com\/wordpress\/wp-content\/uploads\/2026\/03\/Rabais-jusqua-4250-sur-tous-nos-chariots-Hyundai-en-inventaire-250x131.png 250w, https:\/\/gauthierlift.com\/wordpress\/wp-content\/uploads\/2026\/03\/Rabais-jusqua-4250-sur-tous-nos-chariots-Hyundai-en-inventaire.png 1200w\" sizes=\"(max-width: 500px) 100vw, 500px\" \/><\/a><\/p>\n<p>__________________________________________________________________<\/p>\n<p><span style=\"font-size: 24px; font-family: Montserrat;\"><strong>Super aubaine: HYUNDAI 9000lbs propane<\/strong><\/span><\/p>\n<p><span style=\"font-size: 16px; font-family: Montserrat;\"><strong>En stock, pr\u00eat \u00e0 travailler!<\/strong><\/span><\/p>\n<p><a href=\"https:\/\/gauthierlift.com\/wordpress\/wp-content\/uploads\/2025\/08\/IMG_7238.jpeg\"><img decoding=\"async\" width=\"500\" height=\"278\" class=\"alignnone size-medium wp-image-6367\" src=\"https:\/\/gauthierlift.com\/wordpress\/wp-content\/uploads\/2025\/08\/IMG_7238-500x278.jpeg\" alt=\"\" srcset=\"https:\/\/gauthierlift.com\/wordpress\/wp-content\/uploads\/2025\/08\/IMG_7238-500x278.jpeg 500w, https:\/\/gauthierlift.com\/wordpress\/wp-content\/uploads\/2025\/08\/IMG_7238-800x445.jpeg 800w, https:\/\/gauthierlift.com\/wordpress\/wp-content\/uploads\/2025\/08\/IMG_7238-768x428.jpeg 768w, https:\/\/gauthierlift.com\/wordpress\/wp-content\/uploads\/2025\/08\/IMG_7238-250x139.jpeg 250w, https:\/\/gauthierlift.com\/wordpress\/wp-content\/uploads\/2025\/08\/IMG_7238.jpeg 828w\" sizes=\"(max-width: 500px) 100vw, 500px\" \/><\/a><\/p>\n<p><span style=\"font-family: Montserrat;\">M\u00e9nage d&rsquo;inventaire &#8211; 7400$ de rabais!!<\/span><br \/>\n<span style=\"font-family: Montserrat;\">(seulement 2 en inventaire)<\/span><\/p>\n<p><span style=\"font-family: Montserrat;\">Chariot Hyundai 45L-9 neuf, pr\u00eat \u00e0 travailler.<\/span><br \/>\n<span style=\"font-family: Montserrat;\">&#8211; 9000 lbs de capacit\u00e9<\/span><br \/>\n<span style=\"font-family: Montserrat;\">&#8211; Freins \u00e0 disques dans l&rsquo;huile<\/span><br \/>\n<span style=\"font-family: Montserrat;\">&#8211; Moteur Kubota<\/span><br \/>\n<span style=\"font-family: Montserrat;\">&#8211; Roues doubles pour excellente stabilit\u00e9<\/span><br \/>\n<span style=\"font-family: Montserrat;\">Sans oublier la qualit\u00e9 et la fiabilit\u00e9 imbattables de Hyundai.<\/span><\/p>\n<p><span style=\"font-family: Montserrat;\">*contactez-nous vite pour tous les d\u00e9tails!<\/span><\/p>\n<p><a href=\"https:\/\/gauthierlift.com\/wordpress\/wp-content\/uploads\/2025\/08\/IMG_7210.jpeg\"><img decoding=\"async\" width=\"500\" height=\"375\" class=\"alignnone size-medium wp-image-6363\" src=\"https:\/\/gauthierlift.com\/wordpress\/wp-content\/uploads\/2025\/08\/IMG_7210-500x375.jpeg\" alt=\"\" srcset=\"https:\/\/gauthierlift.com\/wordpress\/wp-content\/uploads\/2025\/08\/IMG_7210-500x375.jpeg 500w, https:\/\/gauthierlift.com\/wordpress\/wp-content\/uploads\/2025\/08\/IMG_7210-800x600.jpeg 800w, https:\/\/gauthierlift.com\/wordpress\/wp-content\/uploads\/2025\/08\/IMG_7210-768x576.jpeg 768w, https:\/\/gauthierlift.com\/wordpress\/wp-content\/uploads\/2025\/08\/IMG_7210-1536x1152.jpeg 1536w, https:\/\/gauthierlift.com\/wordpress\/wp-content\/uploads\/2025\/08\/IMG_7210-1800x1350.jpeg 1800w, https:\/\/gauthierlift.com\/wordpress\/wp-content\/uploads\/2025\/08\/IMG_7210-250x188.jpeg 250w, https:\/\/gauthierlift.com\/wordpress\/wp-content\/uploads\/2025\/08\/IMG_7210.jpeg 2048w\" sizes=\"(max-width: 500px) 100vw, 500px\" \/><\/a><\/p>\n<p>&nbsp;<\/p>\n<p><span style=\"font-family: Montserrat;\">Cliquez sur le lien pour le voir en action!<\/span><\/p>\n<p><span style=\"font-family: Montserrat;\"><div class=\"yt-videowrap\"><iframe src=\"\/\/www.youtube.com\/embed\/R2HbxjiLpho?si=avziFVz9ItMjoW67?rel=0\" frameborder=\"0\" allowfullscreen=\"\"><\/iframe><\/div><div class=\"row\"><div class=\"colonne\"><\/div><\/span><\/p>\n<p>&nbsp;<\/p>\n<p><span style=\"font-family: Montserrat;\"><strong>Besoin d&rsquo;un chariot TOUT-TERRAIN?\u00a0<\/strong><\/span><\/p>\n<p><span style=\"font-family: Montserrat;\">On a un Laborer 10,000 lbs. en inventaire, qui\u00a0 n&rsquo;attend que vos gros projets!<\/span><\/p>\n<p><span style=\"font-family: Montserrat;\">Cabine chauff\u00e9e, traction 4&#215;4 et du muscle tant qu&rsquo;il vous en faut!<\/span><\/p>\n<p><a href=\"https:\/\/gauthierlift.com\/wordpress\/wp-content\/uploads\/2025\/06\/Laborer-10000-juin-2025.jpg\"><img decoding=\"async\" width=\"500\" height=\"419\" class=\"alignnone size-medium wp-image-6318\" src=\"https:\/\/gauthierlift.com\/wordpress\/wp-content\/uploads\/2025\/06\/Laborer-10000-juin-2025-500x419.jpg\" alt=\"\" srcset=\"https:\/\/gauthierlift.com\/wordpress\/wp-content\/uploads\/2025\/06\/Laborer-10000-juin-2025-500x419.jpg 500w, https:\/\/gauthierlift.com\/wordpress\/wp-content\/uploads\/2025\/06\/Laborer-10000-juin-2025-800x671.jpg 800w, https:\/\/gauthierlift.com\/wordpress\/wp-content\/uploads\/2025\/06\/Laborer-10000-juin-2025-768x644.jpg 768w, https:\/\/gauthierlift.com\/wordpress\/wp-content\/uploads\/2025\/06\/Laborer-10000-juin-2025-250x210.jpg 250w, https:\/\/gauthierlift.com\/wordpress\/wp-content\/uploads\/2025\/06\/Laborer-10000-juin-2025.jpg 940w\" sizes=\"(max-width: 500px) 100vw, 500px\" \/><\/a><\/p>\n","protected":false},"excerpt":{"rendered":"&nbsp; __________________________________________________________________ __________________________________________________________________ Super aubaine: HYUNDAI 9000lbs propane En stock, pr\u00eat \u00e0 travailler! M\u00e9nage d&rsquo;inventaire &#8211; 7400$ de rabais!! (seulement 2 en inventaire) Chariot Hyundai 45L-9 neuf, pr\u00eat \u00e0 travailler. &#8211; 9000 lbs de capacit\u00e9 &#8211; Freins \u00e0 disques dans l&rsquo;huile &#8211; Moteur Kubota &#8211; Roues doubles pour excellente stabilit\u00e9 Sans oublier la qualit\u00e9 et&#8230;<br><br><a class=\"view-article\" href=\"https:\/\/gauthierlift.com\/wordpress\/en\/promotions-gauthier-chariots-elevateurs\/\">Voir l&rsquo;article<\/a>","protected":false},"author":3,"featured_media":0,"parent":0,"menu_order":0,"comment_status":"closed","ping_status":"closed","template":"template_promotion.php","meta":{"footnotes":""},"class_list":["post-4655","page","type-page","status-publish","hentry"],"yoast_head":"<!-- This site is optimized with the Yoast SEO plugin v26.6 - https:\/\/yoast.com\/wordpress\/plugins\/seo\/ -->\n<title>D\u00e9couvrez nos promotions - Gauthier Chariots \u00c9l\u00e9vateurs<\/title>\n<meta name=\"description\" content=\"Chez Gauthier Chariots \u00c9l\u00e9vateurs, des promotions vous sont \u00e9galement offertes! Consultez cette page pour en savoir davantage.\" \/>\n<meta name=\"robots\" content=\"index, follow, max-snippet:-1, max-image-preview:large, max-video-preview:-1\" \/>\n<link rel=\"canonical\" href=\"https:\/\/gauthierlift.com\/wordpress\/promotions-gauthier-chariots-elevateurs\/\" \/>\n<meta property=\"og:locale\" content=\"fr_FR\" \/>\n<meta property=\"og:type\" content=\"article\" \/>\n<meta property=\"og:title\" content=\"D\u00e9couvrez nos promotions - Gauthier Chariots \u00c9l\u00e9vateurs\" \/>\n<meta property=\"og:description\" content=\"Chez Gauthier Chariots \u00c9l\u00e9vateurs, des promotions vous sont \u00e9galement offertes! Consultez cette page pour en savoir davantage.\" \/>\n<meta property=\"og:url\" content=\"https:\/\/gauthierlift.com\/wordpress\/en\/promotions-gauthier-chariots-elevateurs\/\" \/>\n<meta property=\"og:site_name\" content=\"Gauthier Chariots \u00c9l\u00e9vateurs\" \/>\n<meta property=\"article:modified_time\" content=\"2026-03-03T16:02:37+00:00\" \/>\n<meta property=\"og:image\" content=\"https:\/\/gauthierlift.com\/wordpress\/wp-content\/uploads\/2026\/03\/Promo-Clark-DLL-MARS-2026.png\" \/>\n\t<meta property=\"og:image:width\" content=\"940\" \/>\n\t<meta property=\"og:image:height\" content=\"788\" \/>\n\t<meta property=\"og:image:type\" content=\"image\/png\" \/>\n<meta name=\"twitter:card\" content=\"summary_large_image\" \/>\n<meta name=\"twitter:label1\" content=\"Dur\u00e9e de lecture estim\u00e9e\" \/>\n\t<meta name=\"twitter:data1\" content=\"2 minutes\" \/>\n<script type=\"application\/ld+json\" class=\"yoast-schema-graph\">{\"@context\":\"https:\/\/schema.org\",\"@graph\":[{\"@type\":\"WebPage\",\"@id\":\"https:\/\/gauthierlift.com\/wordpress\/en\/promotions-gauthier-chariots-elevateurs\/\",\"url\":\"https:\/\/gauthierlift.com\/wordpress\/en\/promotions-gauthier-chariots-elevateurs\/\",\"name\":\"D\u00e9couvrez nos promotions - Gauthier Chariots \u00c9l\u00e9vateurs\",\"isPartOf\":{\"@id\":\"https:\/\/gauthierlift.com\/wordpress\/#website\"},\"primaryImageOfPage\":{\"@id\":\"https:\/\/gauthierlift.com\/wordpress\/en\/promotions-gauthier-chariots-elevateurs\/#primaryimage\"},\"image\":{\"@id\":\"https:\/\/gauthierlift.com\/wordpress\/en\/promotions-gauthier-chariots-elevateurs\/#primaryimage\"},\"thumbnailUrl\":\"https:\/\/gauthierlift.com\/wordpress\/wp-content\/uploads\/2026\/03\/Promo-Clark-DLL-MARS-2026-500x419.png\",\"datePublished\":\"2020-01-06T16:10:05+00:00\",\"dateModified\":\"2026-03-03T16:02:37+00:00\",\"description\":\"Chez Gauthier Chariots \u00c9l\u00e9vateurs, des promotions vous sont \u00e9galement offertes! Consultez cette page pour en savoir davantage.\",\"breadcrumb\":{\"@id\":\"https:\/\/gauthierlift.com\/wordpress\/en\/promotions-gauthier-chariots-elevateurs\/#breadcrumb\"},\"inLanguage\":\"fr-FR\",\"potentialAction\":[{\"@type\":\"ReadAction\",\"target\":[\"https:\/\/gauthierlift.com\/wordpress\/en\/promotions-gauthier-chariots-elevateurs\/\"]}]},{\"@type\":\"ImageObject\",\"inLanguage\":\"fr-FR\",\"@id\":\"https:\/\/gauthierlift.com\/wordpress\/en\/promotions-gauthier-chariots-elevateurs\/#primaryimage\",\"url\":\"https:\/\/gauthierlift.com\/wordpress\/wp-content\/uploads\/2026\/03\/Promo-Clark-DLL-MARS-2026.png\",\"contentUrl\":\"https:\/\/gauthierlift.com\/wordpress\/wp-content\/uploads\/2026\/03\/Promo-Clark-DLL-MARS-2026.png\",\"width\":940,\"height\":788},{\"@type\":\"BreadcrumbList\",\"@id\":\"https:\/\/gauthierlift.com\/wordpress\/en\/promotions-gauthier-chariots-elevateurs\/#breadcrumb\",\"itemListElement\":[{\"@type\":\"ListItem\",\"position\":1,\"name\":\"Accueil\",\"item\":\"https:\/\/gauthierlift.com\/wordpress\/\"},{\"@type\":\"ListItem\",\"position\":2,\"name\":\"Promotions\"}]},{\"@type\":\"WebSite\",\"@id\":\"https:\/\/gauthierlift.com\/wordpress\/#website\",\"url\":\"https:\/\/gauthierlift.com\/wordpress\/\",\"name\":\"Gauthier Chariots \u00c9l\u00e9vateurs\",\"description\":\"Achat, location et r\u00e9paration de chariots Hyundai, Clark et Load Lifter\",\"publisher\":{\"@id\":\"https:\/\/gauthierlift.com\/wordpress\/#organization\"},\"potentialAction\":[{\"@type\":\"SearchAction\",\"target\":{\"@type\":\"EntryPoint\",\"urlTemplate\":\"https:\/\/gauthierlift.com\/wordpress\/?s={search_term_string}\"},\"query-input\":{\"@type\":\"PropertyValueSpecification\",\"valueRequired\":true,\"valueName\":\"search_term_string\"}}],\"inLanguage\":\"fr-FR\"},{\"@type\":\"Organization\",\"@id\":\"https:\/\/gauthierlift.com\/wordpress\/#organization\",\"name\":\"Deval Chariots \u00c9l\u00e9vateurs\",\"url\":\"https:\/\/gauthierlift.com\/wordpress\/\",\"logo\":{\"@type\":\"ImageObject\",\"inLanguage\":\"fr-FR\",\"@id\":\"https:\/\/gauthierlift.com\/wordpress\/#\/schema\/logo\/image\/\",\"url\":\"https:\/\/gauthierlift.com\/wordpress\/wp-content\/uploads\/2015\/08\/deval-logo-inverted1.png\",\"contentUrl\":\"https:\/\/gauthierlift.com\/wordpress\/wp-content\/uploads\/2015\/08\/deval-logo-inverted1.png\",\"width\":268,\"height\":76,\"caption\":\"Deval Chariots \u00c9l\u00e9vateurs\"},\"image\":{\"@id\":\"https:\/\/gauthierlift.com\/wordpress\/#\/schema\/logo\/image\/\"}}]}<\/script>\n<!-- \/ Yoast SEO plugin. -->","yoast_head_json":{"title":"D\u00e9couvrez nos promotions - Gauthier Chariots \u00c9l\u00e9vateurs","description":"Chez Gauthier Chariots \u00c9l\u00e9vateurs, des promotions vous sont \u00e9galement offertes! Consultez cette page pour en savoir davantage.","robots":{"index":"index","follow":"follow","max-snippet":"max-snippet:-1","max-image-preview":"max-image-preview:large","max-video-preview":"max-video-preview:-1"},"canonical":"https:\/\/gauthierlift.com\/wordpress\/promotions-gauthier-chariots-elevateurs\/","og_locale":"fr_FR","og_type":"article","og_title":"D\u00e9couvrez nos promotions - Gauthier Chariots \u00c9l\u00e9vateurs","og_description":"Chez Gauthier Chariots \u00c9l\u00e9vateurs, des promotions vous sont \u00e9galement offertes! Consultez cette page pour en savoir davantage.","og_url":"https:\/\/gauthierlift.com\/wordpress\/en\/promotions-gauthier-chariots-elevateurs\/","og_site_name":"Gauthier Chariots \u00c9l\u00e9vateurs","article_modified_time":"2026-03-03T16:02:37+00:00","og_image":[{"width":940,"height":788,"url":"https:\/\/gauthierlift.com\/wordpress\/wp-content\/uploads\/2026\/03\/Promo-Clark-DLL-MARS-2026.png","type":"image\/png"}],"twitter_card":"summary_large_image","twitter_misc":{"Dur\u00e9e de lecture estim\u00e9e":"2 minutes"},"schema":{"@context":"https:\/\/schema.org","@graph":[{"@type":"WebPage","@id":"https:\/\/gauthierlift.com\/wordpress\/en\/promotions-gauthier-chariots-elevateurs\/","url":"https:\/\/gauthierlift.com\/wordpress\/en\/promotions-gauthier-chariots-elevateurs\/","name":"D\u00e9couvrez nos promotions - Gauthier Chariots \u00c9l\u00e9vateurs","isPartOf":{"@id":"https:\/\/gauthierlift.com\/wordpress\/#website"},"primaryImageOfPage":{"@id":"https:\/\/gauthierlift.com\/wordpress\/en\/promotions-gauthier-chariots-elevateurs\/#primaryimage"},"image":{"@id":"https:\/\/gauthierlift.com\/wordpress\/en\/promotions-gauthier-chariots-elevateurs\/#primaryimage"},"thumbnailUrl":"https:\/\/gauthierlift.com\/wordpress\/wp-content\/uploads\/2026\/03\/Promo-Clark-DLL-MARS-2026-500x419.png","datePublished":"2020-01-06T16:10:05+00:00","dateModified":"2026-03-03T16:02:37+00:00","description":"Chez Gauthier Chariots \u00c9l\u00e9vateurs, des promotions vous sont \u00e9galement offertes! Consultez cette page pour en savoir davantage.","breadcrumb":{"@id":"https:\/\/gauthierlift.com\/wordpress\/en\/promotions-gauthier-chariots-elevateurs\/#breadcrumb"},"inLanguage":"fr-FR","potentialAction":[{"@type":"ReadAction","target":["https:\/\/gauthierlift.com\/wordpress\/en\/promotions-gauthier-chariots-elevateurs\/"]}]},{"@type":"ImageObject","inLanguage":"fr-FR","@id":"https:\/\/gauthierlift.com\/wordpress\/en\/promotions-gauthier-chariots-elevateurs\/#primaryimage","url":"https:\/\/gauthierlift.com\/wordpress\/wp-content\/uploads\/2026\/03\/Promo-Clark-DLL-MARS-2026.png","contentUrl":"https:\/\/gauthierlift.com\/wordpress\/wp-content\/uploads\/2026\/03\/Promo-Clark-DLL-MARS-2026.png","width":940,"height":788},{"@type":"BreadcrumbList","@id":"https:\/\/gauthierlift.com\/wordpress\/en\/promotions-gauthier-chariots-elevateurs\/#breadcrumb","itemListElement":[{"@type":"ListItem","position":1,"name":"Accueil","item":"https:\/\/gauthierlift.com\/wordpress\/"},{"@type":"ListItem","position":2,"name":"Promotions"}]},{"@type":"WebSite","@id":"https:\/\/gauthierlift.com\/wordpress\/#website","url":"https:\/\/gauthierlift.com\/wordpress\/","name":"Gauthier Chariots \u00c9l\u00e9vateurs","description":"Achat, location et r\u00e9paration de chariots Hyundai, Clark et Load Lifter","publisher":{"@id":"https:\/\/gauthierlift.com\/wordpress\/#organization"},"potentialAction":[{"@type":"SearchAction","target":{"@type":"EntryPoint","urlTemplate":"https:\/\/gauthierlift.com\/wordpress\/?s={search_term_string}"},"query-input":{"@type":"PropertyValueSpecification","valueRequired":true,"valueName":"search_term_string"}}],"inLanguage":"fr-FR"},{"@type":"Organization","@id":"https:\/\/gauthierlift.com\/wordpress\/#organization","name":"Deval Chariots \u00c9l\u00e9vateurs","url":"https:\/\/gauthierlift.com\/wordpress\/","logo":{"@type":"ImageObject","inLanguage":"fr-FR","@id":"https:\/\/gauthierlift.com\/wordpress\/#\/schema\/logo\/image\/","url":"https:\/\/gauthierlift.com\/wordpress\/wp-content\/uploads\/2015\/08\/deval-logo-inverted1.png","contentUrl":"https:\/\/gauthierlift.com\/wordpress\/wp-content\/uploads\/2015\/08\/deval-logo-inverted1.png","width":268,"height":76,"caption":"Deval Chariots \u00c9l\u00e9vateurs"},"image":{"@id":"https:\/\/gauthierlift.com\/wordpress\/#\/schema\/logo\/image\/"}}]}},"_links":{"self":[{"href":"https:\/\/gauthierlift.com\/wordpress\/wp-json\/wp\/v2\/pages\/4655","targetHints":{"allow":["GET"]}}],"collection":[{"href":"https:\/\/gauthierlift.com\/wordpress\/wp-json\/wp\/v2\/pages"}],"about":[{"href":"https:\/\/gauthierlift.com\/wordpress\/wp-json\/wp\/v2\/types\/page"}],"author":[{"embeddable":true,"href":"https:\/\/gauthierlift.com\/wordpress\/wp-json\/wp\/v2\/users\/3"}],"replies":[{"embeddable":true,"href":"https:\/\/gauthierlift.com\/wordpress\/wp-json\/wp\/v2\/comments?post=4655"}],"version-history":[{"count":93,"href":"https:\/\/gauthierlift.com\/wordpress\/wp-json\/wp\/v2\/pages\/4655\/revisions"}],"predecessor-version":[{"id":6481,"href":"https:\/\/gauthierlift.com\/wordpress\/wp-json\/wp\/v2\/pages\/4655\/revisions\/6481"}],"wp:attachment":[{"href":"https:\/\/gauthierlift.com\/wordpress\/wp-json\/wp\/v2\/media?parent=4655"}],"curies":[{"name":"wp","href":"https:\/\/api.w.org\/{rel}","templated":true}]}}